= 8*b - 4*b - 20. Give s(b).
0
Let b(u) = -u**3 + 0*u + 5*u**2 + 1 + 0 - 7 + 2*u. What is b(5)?
4
Suppose -12*c - c = 0. Let i(n) = -n + 1. Let h(r) = -r + 1. Let j(t) = 6*h(t) - 7*i(t). Give j(c).
-1
Suppose 0 = -3*n + 3*r - 12, 0*n + 17 = -3*n + 4*r. Let q(h) = -h**3 + h**2 - 1. Let y(w) = -4*w**3 + 11*w**2 + 6*w - 5. Let d(m) = n*y(m) - 5*q(m). Give d(-4).
8
Let p(y) = y + 21. Let i be p(-9). Let v(d) = 4*d - i*d - d**3 - 5*d**2 - 3 - 2*d**2. Give v(-5).
-13
Let x(g) = g**2 - 3*g + 1. Let r be 2/2 + (1 - 2). Let a be (-1)/2*0 - -2. Let l = a - r. Determine x(l).
-1
Let x = 39 - 40. Let s(p) = 4*p**2 - 2*p - 1. What is s(x)?
5
Let q(w) = -w**3 - 6*w**2 - 6*w - 4. Let h = 63 - 67. What is q(h)?
-12
Let a(l) = -l**3 - 4*l**2 + 2. Let s be a(-4). Let f(v) = -5 + 0*v**2 - v**s + 0*v**2 + 6*v. Let r = -9 + 13. Give f(r).
3
Let a(o) = o**3 + 2*o**2 - 5*o - 3. Let k(c) = -c**2 + 10*c - 12. Let u be k(9). Determine a(u).
3
Suppose 0 = 5*z + 2*k - 14, 3*z + 5*k - 18 = -z. Let d(b) = 2*b**3 + 4*b - b**3 - 5*b**2 - z*b - 4 - 3*b. Determine d(5).
-9
Let o(d) = -2*d - 7. Let n be o(-5). Suppose -n*t + 0 = 3. Let b(h) = -3 - h + 2*h + 5*h + 2. What is b(t)?
-7
Let d(u) = -7*u - 1. Let z = 24 - 21. Give d(z).
-22
Let b(p) = -5*p**3 - p**2 - p - 1. Suppose -w - 8 = 3. Let l(z) = -2*z - 16. Let c be l(w). Let d be (2/3)/((-4)/c). Calculate b(d).
4
Let d(m) = m**2 + 5*m. Suppose 0 = -6*p + 2*p + 12. Suppose -36 = 4*n + n - 3*t, 0 = -3*n - p*t - 12. Give d(n).
6
Let n = -28 + 48. Suppose 0*l - n = 5*l. Let j(y) = y**2 + 3*y. Calculate j(l).
4
Let d(f) = 2*f**3 + 1 - 69*f + 3*f**3 + 7*f**2 + 75*f - 4*f**3. Suppose j = -4 - 2. Determine d(j).
1
Let t(o) = -o**2 - 8*o - 8. Let i = -76 - -70. Calculate t(i).
4
Let u(h) = h + 5. Let g be u(-8). Let c be 1*(1 + -2)*1. Let r(z) = z**2. Let a(m) = m - 2. Let v(n) = c*a(n) - r(n). What is v(g)?
-4
Let q(z) = -2*z**2 + z. Let r(j) = -j**2 + j. Let i(x) = -4*q(x) + 3*r(x). Let s = 29 - 16. Suppose -5*n + 3*n - 7 = -h, 0 = -h + 4*n + s. Calculate i(h).
4
Let q(t) = t**2 + t - 9. Let a(b) = -5*b**2 - 6*b + 45. Let s(i) = -2*a(i) - 11*q(i). Calculate s(0).
9
Let a(j) = -j**3 + j**2 + 1. Suppose 11 = 2*c - 4*t - 1, -3*c + 14 = -4*t. Determine a(c).
-3
Let j(n) = -n - 1. Let h(a) = -a + 9. Let o be h(7). Suppose z - 4 = g + o*g, 6 = -4*g + 2*z. Give j(g).
0
Let a(j) be the third derivative of j**5/24 - j**4/8 + j**3 + 9*j**2. Let m(f) be the first derivative of a(f). Calculate m(2).
7
Let g(u) = 1. Let n(l) = -3*l - 3. Suppose 5*z + 10 = 3*j, -9 = -2*z - 2*j + 3. Let a(b) = z*n(b) + 4*g(b). Give a(-1).
4
Let n(l) be the first derivative of 4 + l + 1/3*l**3 + l**2. Let y(v) = -v - 2. Let j be y(0). Calculate n(j).
1
Let z = 10 + -5. Let y(p) = 3*p**2 + 4*p + 7. Let d(q) = -5*q**2 - 8*q - 13. Let x(l) = -4*d(l) - 7*y(l). What is x(z)?
-2
Let i(k) = -10*k + 1. Let t be i(4). Let x be 6/t - (-76)/(-13). Let l(y) = -y**3 - 7*y**2 - 6*y - 2. Calculate l(x).
-2
Suppose 0*t + 4 = t - 2*h, 3*t + 5*h = -10. Let x(o) = 6 + o + o**2 + 5*o**3 - 2*o - 2*o**3 - 4*o**3. Calculate x(t).
6
Suppose -j - 1 = -0. Let c(z) = -8*z + 2. Let p(x) be the third derivative of -x**4/24 - x**3/6 + 14*x**2. Let a(b) = j*c(b) - p(b). Determine a(1).
8
Let s(l) = -l - 5. Suppose 3*k - 5 = -2. Let h(g) = g - 1. Let p be h(k). What is s(p)?
-5
Let r(q) be the first derivative of 1 + 1/6*q**3 - q**2 + 0*q + 0*q**4 + 1/60*q**5. Let w(a) be the second derivative of r(a). Calculate w(2).
5
Let p = 2 + -1. Suppose -r + p = -2*r. Let h(q) = 4*q**2 - 2*q + 1. Let b(l) = 9*l**2 - 5*l + 2. Let f(m) = -3*b(m) + 7*h(m). Calculate f(r).
1
Let x(p) = 2*p - 3*p**3 + 3*p**2 - 2*p**2 + 0*p. What is x(2)?
-16
Let f(z) = z**2 + z + 3. Suppose -2*o = -j + 4*j - 9, -3*o + 3*j = -6. Suppose -3*x - o - 9 = 0. Calculate f(x).
15
Let c(n) be the third derivative of -n**4/12 - n**3 + 2*n**2. Let l be -10 + (4 - 0/3). What is c(l)?
6
Let m(f) = -f**2 + 11*f + 7*f - 4 + 1 - 14*f. Determine m(3).
0
Let q(p) = p**3 + 3*p - 1 + 3 - 6*p - p**2. Let y(z) = -z**2 - 9*z - 5. Let u be y(-8). Give q(u).
11
Let t(p) = -3*p**3 + p - p**2 + 4 - 4 + 2. Let c(m) = -15*m**3 - 4*m**2 + 5*m + 10. Let w(i) = -2*c(i) + 11*t(i). What is w(-2)?
12
Let t(m) = m**3 + 5*m**2 - 8*m - 9. Let o be t(-6). Suppose c = -4*c + 3*y + 22, c = -3*y - 10. Let j = o + c. Let f(k) = -k**3 + 6*k**2 - 6*k. Determine f(j).
-5
Let d(p) = -p**2 + p. Let c be 1/(0 + -2)*2. Let s(n) = -10*n**2 + 5*n. Let r(m) = c*s(m) + 5*d(m). Give r(1).
5
Let a(o) = -3*o + 15. Let t be a(5). Let k(c) = -c**2 + c + 5. Determine k(t).
5
Let m(y) = -y**3 + 4*y**2 - y + 4. Let k be m(3). Suppose 2*q - k = 2*a + 3*a, 3*a + 4*q - 20 = 0. Let o(g) = g**2 + g + 5. Calculate o(a).
5
Let m = 7 + -6. Let r(o) = -m + 3*o + 3*o + 4*o - 3*o. Calculate r(1).
6
Let x(f) = 3*f. Let d(u) be the second derivative of -u**4/12 - 3*u**3/2 - 4*u**2 + 2*u. Let c be d(-6). Suppose 0 = -2*o - 3*o - c. Give x(o).
-6
Let w(d) = 7*d**2 - 6*d - 10. Suppose 16*g - 30 = 11*g. Let a(t) = -8*t**2 + 7*t + 11. Let p(x) = g*a(x) + 7*w(x). Calculate p(-3).
5
Let p(o) = 8*o**3 + o**2 - o. Let j(w) = -2 + 2*w - 6 - 2*w - w. Let l be j(-5). Let a be (10/5)/(-1 - l). What is p(a)?
8
Let v(i) = i**2 + 6*i + 7. Suppose -4*k = -6*k - 12. Give v(k).
7
Suppose -t + 4 - 3 = 0. Let m = t + -3. Let h(j) = j**3 + 2*j**2 - 1. Determine h(m).
-1
Let n be 1 + -7 + 2 + -3. Let a(h) = -h**3 + 2*h**2 + 7*h + 4. Let r(k) = 3*k**3 - 5*k**2 - 22*k - 12. Let l(w) = n*a(w) - 2*r(w). What is l(5)?
-4
Suppose 3 = -2*b + 3*b - 2*v, 2*b + v - 1 = 0. Let h(j) = j**2 - 3*j + 1. Determine h(b).
-1
Let h(i) = 3 + 11*i**2 - 1 + 10*i**2 - 20*i**2 + 4*i. Give h(-3).
-1
Let x(g) = -g + 1. Let d be ((-8)/(-4))/((-1)/(-8)). Let v = 16 - d. Give x(v).
1
Let u(l) = 0*l - l**2 - l + 0 - 1 + 4*l. Calculate u(1).
1
Let k(u) be the second derivative of -u**3/6 + 5*u**2/2 - 5*u. Let a be (6 + -12)*1/(-2). Give k(a).
2
Let c(j) = -24*j + 47*j + 5 - 21*j. Determine c(5).
15
Let b(z) = -z**2 + 10*z - 3. Let v be b(9). Suppose 2*j - 5*p = 22, -p + 14 = 4*j - 8. Suppose -3*g + v = -j*g. Let f(n) = -n**2 + n + 2. Calculate f(g).
-4
Let m = 25 + -26. Let l(v) = -15*v**2 - v. Give l(m).
-14
Let x(a) = 2*a + 2*a - 5 - 2*a. Suppose 0 = -n + 3*c + 8, -n + 0*c = 3*c - 2. Calculate x(n).
5
Let g(a) = -7 + a**2 + 14*a - 14*a. Determine g(0).
-7
Let f = 5 + 0. Suppose -3*y + 15 = -y - 5*z, 0 = y - f*z - 10. Let v(a) = 4*a**2 + 5*a**2 - 4*a**2 + a**3 + y*a. Calculate v(-4).
-4
Suppose v + 5*h = 27, -v - 4*v = -h - 31. Let m(g) = -v*g + g + 7*g + 3. Give m(-3).
0
Let m(l) = -12*l + 2*l - l**2 + 5*l + 2. Calculate m(-6).
-4
Let w(b) = 11*b**2 - 6*b**2 + 6 - 6*b - 2*b**3 + b**3. Suppose 0 = 4*o + 4*x - 12, -2 = -o + x + 3. Determine w(o).
-2
Let v(d) = d**3 + d**2 + d + 1. Let r be (140/(-30))/((-2)/12). Let s be (-8)/r - 2/(-7). Determine v(s).
1
Let p(n) = 17*n**3 - 7*n - 16. Let k(f) = 8*f**3 - 4*f - 9. Let b(a) = -7*k(a) + 4*p(a). What is b(-1)?
-13
Suppose -h + 5*o = 6, -3*o + o = h + 6. Let t(i) = i**2 + 3*i + 6. Give t(h).
24
Let j be (4/(-6))/(4/6). Let b(y) = 7*y**3 + 4*y**2 + 6*y + 1. Let f(t) = -6*t**3 - 3*t**2 - 5*t - 1. Let o(w) = -3*b(w) - 4*f(w). What is o(j)?
-4
Suppose 3*c + 5 + 7 = 0. Let u(d) = 5*d**3 + 15*d**2 + 5*d + 11. Let f(z) = -z**3 - 3*z**2 - 1. Let q(m) = 6*f(m) + u(m). What is q(c)?
1
Let w(s) = s - 1. Suppose 5*i + 0 - 10 = 0. Suppose c - i = -0*c. Let t(m) = -m**2 + 3*m + 4. Let j(r) = c*w(r) - t(r). Calculate j(0).
-6
Let c(h) = h**2 - 3*h + 5. Let l(p) = -p**2 + 2*p - 5. Let x(s) = -3*c(s) - 2*l(s). Suppose 2*z = o + 3, 5*z + 6 = -4. Let t = -2 - o. Calculate x(t).
-5
Let a(y) = y**3 + 3*y**2 - 7*y - 9. Let b be a(-4). Suppose 2*k - b = 3*i, -3*i - 2*k = -3*k + 3. Let f(t) = -14*t + 1. Calculate f(i).
15
Let u(f) = -4*f**3 - 3 + 0 - 2*f**3 - 3*f**2 + 5*f**3. Let r(s) = s**3 + 3*s**2 + 2. Let m(p) = 5*r(p) + 4*u(p). What is m(-3)?
-2
Suppose k - 11 = -7. Suppose 2*w - 9 = 5*t, 2*w + k*t = t + 1. Let z(u) = -u**2 + 3*u - 2. Determine z(w).
0
Suppose -2*u + n + 13 = -3*u, 0 = 4*u + 3*n + 49. Let d be (-16)/u + (-2)/(-5). Let q(w) = w**3 - 2*w + 2. Give q(d).
6
Let o(m) be the first derivative of -5/4*m**4 + 0*m**2 + m - 1/3*m**3 - 1. Let u = -112 - -111. Determine o(u).
5
Let x(m) be the second derivative of -